se 0 = 8*l - 57871 - g. Is l a prime number?
False
Suppose -1940136 + 712744 = 32*j. Let x = -23447 - j. Is x composite?
True
Let d = 18129 - 6610. Is d a prime number?
True
Let v(t) = 89*t - 8. Let q be v(2). Suppose 5*g + 173 = 2*w + 438, w + 5*g = -q. Let m = w + 214. Is m a composite number?
True
Let x = -42 - 95. Is 2 - x*(6 - -31) prime?
False
Suppose -110645 = -b + 2*j, 0 = -2*b + 140*j - 137*j + 221297. Is b composite?
True
Let s(u) = -146*u**3 + 6*u**2 + 2*u - 3. Let w(x) = -439*x**3 + 17*x**2 + 5*x - 8. Let j(k) = 11*s(k) - 4*w(k). Let b be (5 + 28/(-6))*3. Is j(b) composite?
False
Let q(o) = o**2 - 4*o + 2. Let u be q(4). Suppose 8 = u*d, -3*b + 1032 = 3*d - 318. Is b prime?
False
Suppose 0 = -29*k + 30 + 57. Suppose -y + 3781 = 4*c, k*c + 100 = -4*y + 15159. Is y a composite number?
False
Let i(o) = -440*o**3 - 2*o**2 - 13*o - 40. Let x be ((4 - 1)*(14 - 12))/(-2). Is i(x) composite?
True
Suppose 0 = 2*q + 3*h - 17839, 8*q = 10*q - 5*h - 17831. Let f = 23817 + q. Is f prime?
False
Let c be (-90 + -8)*((-65)/(-10) - 0). Let m be 1/1*9*18. Let y = m - c. Is y composite?
True
Suppose -33*y + 37*y - 1088 = 0. Suppose -3*b + 193 + y = 0. Suppose -b = -v + 3. Is v a composite number?
True
Let a(g) = -2*g**2 - 50*g - 37. Let o be a(-25). Let w(d) = -190*d - 257. Is w(o) composite?
True
Let g = 1230132 + -570391. Is g prime?
True
Let n(r) = -285*r**2 - 3*r + 5. Let m be n(-5). Let t(b) = -76*b**2 + 21*b - 64. Let j be t(12). Let g = m - j. Is g a prime number?
False
Suppose 0 = 2*c + 5*x - 2984416, 2311133 - 818926 = c + 3*x. Is c composite?
False
Is 3/(-12) - 2/8 - 201722460/(-1640) a composite number?
False
Suppose 0 = -3*u + 2349 + 1020. Let q(d) = 283*d**2 + d - 284*d**2 + u + 0*d. Is q(0) a prime number?
True
Let q(t) = 21*t**2 + 73. Let r be q(19). Suppose -3*o - 2*x = -7223, r + 4386 = 5*o + 3*x. Is o a prime number?
True
Is (-3)/(18/(-215904)) + 8 + -3 + -12 a prime number?
True
Let r(b) = 15*b**2 - b**3 + 3*b - 6*b**2 + 10*b**2 - 4*b**2 + 9. Suppose 6 = 5*o - 3*m - 25, 30 = 3*o + 2*m. Is r(o) a composite number?
True
Let y = 26035 - 13712. Is y prime?
True
Is (41/(-21) + 2)*4452609 a prime number?
True
Let w(b) = -75*b**3 - 284*b + 11. Is w(-14) composite?
True
Let u(h) = -26*h**3 + 81*h - 40. Is u(-7) a prime number?
True
Let g(h) = -5*h - 50. Let i be g(-16). Is -6 - -7 - -326*i prime?
True
Let a(l) = -l**3 - 6*l**2 - 2*l + 6. Let w be a(-6). Let d be w/(-72) - 1885/(-4). Suppose -d = -5*m + 2*m. Is m composite?
False
Suppose 2*b + 0*b = 0. Let t be ((-11418)/8)/11*(-12)/9. Suppose b = -q + 5, 2*f = -2*f - 5*q + t. Is f composite?
False
Let u(c) = -13*c + 166. Let d be u(30). Let q = 313 + d. Is q prime?
True
Let v = 25635 + -7897. Suppose 0 = g + 3*q - v, 4*q + 28044 = 5*g - 60703. Is g a prime number?
True
Suppose 0 = -2*b + 2*o + 43370, -87*b + o = -88*b + 21681. Is b a prime number?
True
Let r be (-6)/21 - 54/7. Let y(c) = 33*c**2 + 15*c - 15. Is y(r) a composite number?
True
Let k(f) = 26*f**2 + 5*f + 3. Suppose 2*q - 30 = -24. Suppose -19 = -q*a - 7. Is k(a) a composite number?
False
Suppose 2*k = o + 5 + 3, 4*k - 3*o = 20. Suppose -46 = -k*m + 2*p, 2*m + 4*p = -2*m + 108. Suppose 22*u + 3771 = m*u. Is u composite?
True
Is ((-3223742)/1011)/((8/30)/(-2)) composite?
True
Let l = -67985 - -125554. Is l composite?
True
Let r(d) = 1239*d + 82. Is r(11) prime?
True
Let r = -188 - -191. Is 175931/77 - 4*r/(-66) a prime number?
False
Let h = -564 + 570. Is h - 25/4 - 4989/(-4) a prime number?
False
Let c be ((-159)/(-4))/(1 - 4)*-4. Let y = c - 53. Let i(o) = o**3 + 2*o**2 + 251. Is i(y) a prime number?
True
Suppose 4*m - 3*m - 4 = 0. Let u be 0*((-10)/4 + (-6)/(-3)). Suppose -m*a - 3*b + 1288 = u, 5*a + 0*a + b - 1599 = 0. Is a a prime number?
False
Suppose l = -3*h + 6681 + 72484, -5*h - 3*l + 131943 = 0. Let o = h - 17077. Is o prime?
True
Let m = 14679 - -11478. Is m prime?
False
Let w(p) = -p**3. Let h(u) = -11*u**3 - 6*u**2 - 2*u - 43. Let v(q) = h(q) + w(q). Is v(-7) prime?
True
Suppose -n + 6 = j, 2*j = -3*n + 7*j + 50. Suppose x - 4*s + n = 0, -4*x = 2*s + 31 - 9. Is (749 - -2)*(-3)/x*2 a composite number?
False
Let w = 1564 - 2260. Let i = w + 2089. Is i prime?
False
Suppose 7 = v, 4304*w = 4306*w + 4*v - 3042414. Is w prime?
True
Suppose 0 = 2*l + 2*l - 88. Suppose -10*q + 3*q - 462 = 0. Is (l/q)/(1/(-657)) prime?
False
Let i(l) = -2*l + 23. Let m be i(11). Is (83/(-2))/(m/(-58)) a composite number?
True
Let b(x) = 5*x**2 - 9*x**2 - 11 - 175*x + 33*x**2 + 168*x. Is b(5) prime?
False
Is ((-15245307)/121)/(-7) + (-6)/33 composite?
True
Suppose 76*n - 2030863 - 6939645 = 0. Is n prime?
True
Let p(l) be the third derivative of -7*l**6/30 - l**5/24 - 5*l**4/8 + 17*l**2. Let c(y) be the second derivative of p(y). Is c(-2) composite?
False
Let i(n) = 478*n**3 + n**2 - 6*n + 5. Let c(y) = 3*y**2 - 1. Suppose 11 = z + 12. Let j be c(z). Is i(j) composite?
False
Suppose -55*b + 11123799 + 12622388 = -5035148. Is b a prime number?
True
Let h = 1 - 3. Let i(s) = -306*s**3 - 3*s**2 - 1 + 99925*s - 99926*s + 48*s**3. Is i(h) prime?
True
Let p = -84 + 85. Let g be (p + -2)/(((-20)/(-8295))/4). Is 0 - (-2)/(-4) - g/2 a composite number?
False
Let x = 243438 + -89621. Is x composite?
False
Suppose 10 = 34*k - 32*k. Suppose 0 = -k*o + 3*j + 2791, 0*j + j - 2226 = -4*o. Is o prime?
True
Let j(q) = 10*q**2 + 13. Let o be j(-6). Let g = o - 322. Is g a prime number?
False
Let y = 17242 - -9055. Suppose 15*p + y = 69692. Is p composite?
True
Let z = -1319 - -3138. Is z a prime number?
False
Let n(q) = -984*q + 27. Let b be 7/(-35) - (-270)/(-25). Is n(b) prime?
False
Suppose -4*j + 0*j = -2*x + 20, -5*x = -5*j - 30. Let q(o) = 191*o**3 - 23*o - 2 - 3*o**x - 193*o**3 - 6*o**2 - 13. Is q(-9) a prime number?
False
Let z = -9261 - -16403. Suppose -5*a + 539 = -o + 2340, 4*o - a - 7166 = 0. Suppose z = 4*d - 3*t + 8*t, -d - 4*t + o = 0. Is d composite?
False
Let a(z) = -z**2 + 0*z - 8*z - 2 - 5*z. Let n be a(-11). Suppose -n*m + 22*m = 4102. Is m composite?
True
Let u = 303749 + -209301. Suppose -u = -15*z - z. Is z prime?
True
Suppose -18 = 24*f - 6*f. Is (4042 - (0 - 7)) + (f - 3) prime?
False
Suppose -4*b - 4 + 0 = 0. Let p(m) = 2*m**2 - 120*m + 122. Let k be p(59). Is 51 - k/(2/b) composite?
False
Let m(i) be the first derivative of i**4/4 - 2*i**3/3 + 3*i**2/2 - 10*i - 10. Let n be m(3). Suppose n*a - 2372 = 7700. Is a composite?
False
Let r = 834569 + -464328. Is r a composite number?
False
Let d(q) = -42*q + 135. Let b be d(16). Let z = 751 + b. Is z prime?
False
Suppose 133935 - 61672 = 35*z - 309342. Is z prime?
True
Let w(x) = -x**2 - 12*x + 2. Let d(l) = -3*l**2 - 36*l + 6. Let q(s) = 2*d(s) - 7*w(s). Let a be q(-17). Let h = a + 44. Is h a composite number?
False
Suppose -75*t - 7494 = -78*t - 5*n, -t - 2*n + 2497 = 0. Is t composite?
False
Let h be (-2)/3 + (-327180)/(-126). Let s = 9437 - h. Is s a prime number?
True
Suppose -2*y = -2*n - 5676, 8516 = 3*y + 4*n - 6*n. Suppose 0 = -3*p + y - 2486. Is p a prime number?
False
Let b = 15511 - 7714. Suppose 3*j = k + b, 1481 = j + 2*k - 1118. Is j prime?
False
Let j be (-1)/6 + (-18)/(1080/(-84550)). Let v = j - -74. Is v prime?
True
Is ((-4255)/(-740))/((1 + 1)/56) composite?
True
Suppose x + 9 = 33. Suppose -2*o = -4, x*y = 21*y - 5*o + 30307. Is y a composite number?
False
Let o(g) = 4*g**3 - 2*g**2 - 3*g + 31. Let c be o(0). Let l(k) = 2*k**2 + 47*k - 84. Is l(c) prime?
False
Is (-4891432)/(-70) + (8/(-5))/1 + 2 a prime number?
False
Let s = -16411 - -22492. Is s a prime number?
False
Suppose -5*b = -4*n + 12 + 1, 2*b + 6 = 2*n. Suppose -157*r = -161*r + 16. Suppose -f - n*s = -7*s - 516, 0 = r*f - 3*s - 2149. Is f prime?
True
Let i = 431 - 425. Is 3 - (-7)/(-2) - (-12717)/i a composite number?
True
Let a(n) be the second derivative of -433*n**3/3 + 295*n**2/2 + 116*n + 2. Is a(-22) composite?
True
Let c be 36/10 - 4*4/(-40). Suppose -6*p + 5*p + 3 = 0. Is (1/c*-554)/(p/(-6)) prime?
True
Let g(p) = 1050*p**3 + 2*p**2 + 36*p + 5. Is g(4) prime?
False
Suppose 3*s + 11*p - 818 = 9*p, 0 = 2*s + 3*p - 537. Suppose -274*l - 16838 = -s*l. Is l composite?
False
Suppose -4*r + 4*d + 44 = -2*r, 0 = 3*r + 4*d - 16. Suppose -5*x - 2 = -r. Suppose 241 + 345 = x*b. Is b prime?
True
Let r = 4